s divided by (-1)/(7/(-112)*2)?
0
Let d be 71/(-3) + ((-7)/(-21))/(-1). Calculate the remainder when 2 is divided by 1*d/(-6) + (0 - 3).
0
Suppose 0 = 7*j - 34*j + 405. Calculate the remainder when 72 is divided by j.
12
Calculate the remainder when (3 + 1 + -42)/(-4)*4 is divided by 14.
10
Let n = -185 - -268. Let s = -16 + 34. What is the remainder when n is divided by s?
11
Let m = -18 + 195. Calculate the remainder when m is divided by (15*1)/((-1)/(-3)).
42
Let b = -6 - -6. Suppose -5*y + d + 4*d = -125, 3*y + d - 67 = b. What is the remainder when y is divided by 35/(-10)*(-12)/7?
5
Let j(w) = 2*w - 6. Let x = -2 - 5. Let m be j(x). Calculate the remainder when 56/m*5*-1 is divided by 4.
2
Calculate the remainder when 1280 is divided by 175/70*(-42)/(-5).
20
Let y(l) = 2*l - 6. Suppose 4*o + x - 4*x - 23 = 0, 3 = -o - x. What is the remainder when (280/(-50))/(o/(-5)) is divided by y(7)?
6
Let l = 895 + -873. What is the remainder when 567 is divided by l?
17
What is the remainder when 259 is divided by (-4)/(-4)*0 + 5 - -79?
7
Suppose 118 = 5*y - 157. Suppose -5*b + 3*a + y = -58, 0 = 2*b - 4*a - 48. Calculate the remainder when b is divided by 6.
4
Suppose w + 1707 = 4*c, 3*c - w = 8*c - 2127. Suppose -6*v + 3*v = -c. What is the remainder when v is divided by 36?
34
Suppose 698 = t + 531. Calculate the remainder when t is divided by 29.
22
Suppose 4*x = 4*h + 16, 4*h - 8 = -3*x - 3. Suppose 6*s = x*s + 96. Calculate the remainder when s is divided by 17.
15
Suppose 212*c - 220*c + 408 = 0. Calculate the remainder when c is divided by 24.
3
Let n be 51/(-9) + 4/6. Let k = 8 + n. Suppose -8 - 37 = -k*c. What is the remainder when 27 is divided by c?
12
Let l = 12 - 2. Suppose -2*d - 2 + l = c, d + c = 3. Suppose 15 = 3*v - w - 11, d*w + 10 = 0. Calculate the remainder when 30 is divided by v.
6
Suppose l + 4*l = 1065. What is the remainder when l is divided by ((-45)/18)/(65/(-936))?
33
Suppose d = -0*i + 5*i - 583, 3*d = 5*i - 579. Suppose -6*a + 33 = -i. Calculate the remainder when 96 is divided by a.
21
Let d(q) = -3*q - 26. Let s(h) = h**2 - 4*h - 13. Let g be s(4). What is the remainder when 24 is divided by d(g)?
11
Let b = -112 - -114. Suppose 2*j + 3*m = 40, -3*j + 54 = b*m + m. Calculate the remainder when 25 is divided by j.
11
Let w be 2/(-3) - (-40)/24. Let f(z) = 6*z**2 - z. What is the remainder when 18 is divided by f(w)?
3
Let t(f) = -5*f - 32. Suppose -1221 = 34*o - 45*o. What is the remainder when o is divided by t(-14)?
35
Calculate the remainder when (-2*7)/(2 - 3) is divided by -6*(1 - 4)/3.
2
Let s be (6 + -3)*(-3 - -88). Suppose 3*d = -5*u - 2*d + s, -d = -2. Calculate the remainder when u is divided by 26.
23
Suppose 0 = 2*j + 3*j - 5*w - 290, 5*j + 2*w - 283 = 0. Let s = 28 - j. Let n = 66 + s. Calculate the remainder when n is divided by 10.
7
Suppose -3*h - 61 = -5*m, 0 = -3*m + 8*m + h - 73. Let g(w) = 5*w - 32. Calculate the remainder when g(m) is divided by 22.
16
Let a = 1 + 3. Let p(c) = c**2 + 3*c + 4. Calculate the remainder when p(a) is divided by 12.
8
Let l = 39 + -21. Calculate the remainder when l is divided by (-10902)/(-1104) - (15/(-24))/5.
8
Suppose 0*d - 18 = -2*d - 3*f, 2*f = 4*d - 4. Suppose 0 = -j + 5*m + 19, -d*j + m + 9 + 90 = 0. Calculate the remainder when 132 is divided by j.
30
Let i(o) = -o**3 - 11*o**2 + 19. Calculate the remainder when 33 is divided by i(0).
14
Let w(s) = s**2 + 25*s + 109. Calculate the remainder when 82 is divided by w(-21).
7
Suppose 0 = 651*q - 662*q + 16071. What is the remainder when q is divided by 17?
16
Suppose 3*i + z = 7, 5*z - 2 = -7*i + 3*i. Suppose -h + 2*o = i*h - 70, -2*h + 41 = o. Calculate the remainder when 60 is divided by -4*2/(-4) + h.
18
Suppose -10*j + 287 = -163. Calculate the remainder when j is divided by 4.
1
Let y be (-1*1)/(7/21). Let g be y/(9/(-15)) + -2. Suppose 4*u + w - 154 = g*w, 5*u - 2*w = 195. Calculate the remainder when u is divided by 14.
13
Let y = 84 - 27. Suppose 2*g - 2 - 26 = 0. Calculate the remainder when y - (-6)/(-4 + 2) is divided by g.
12
Suppose -2*k = 3*q - 2*q + 11, -2*q + 2*k = 52. Let l = q + 47. Calculate the remainder when 103 is divided by l.
25
Let g(z) = z**3 + 2*z**2 - 19*z + 80. Calculate the remainder when g(6) is divided by 64.
62
Let m(x) = -x**3 - 12*x**2 - 10*x + 14. Let g be (-22)/(-99) + (-101)/9. Let u be m(g). What is the remainder when ((-1)/u)/((-2)/558) is divided by 32?
29
Let k = 1505 + -1491. Calculate the remainder when 176 is divided by k.
8
Suppose x - 31 = -4*f, -5*f = -2*x + 1 + 35. Let m(a) = -36*a**2. Let r be m(1). What is the remainder when x is divided by (-280)/r - (-8)/36?
7
Let y(b) be the first derivative of -b**2 + 13*b + 3. Let t(j) = j**3 - 3*j**2 - 5*j + 7. What is the remainder when t(5) is divided by y(-2)?
15
Let m(i) = -4*i**3 - i**2 - 3*i - 2. Calculate the remainder when 86620/923 - 4/(-26) is divided by m(-2).
30
Let k = -132 - -51. Let s = 135 + k. Suppose 2*o - 174 = -s. What is the remainder when o is divided by 21?
18
Suppose 0 = h + 15 - 89. Suppose 2*a = -10, -5*a + 6 = -2*p - 3*a. Let t = p + 33. What is the remainder when h is divided by t?
24
Let q(a) = -2*a + 29. Let r be q(14). Let x(h) = 20*h - r - 4*h - 5 - 12*h. Calculate the remainder when 52 is divided by x(5).
10
Let j(b) = 5*b + b**2 - 6*b + 2*b**3 - b + 2*b**2. Let n = -107 - -154. What is the remainder when n is divided by j(2)?
23
Suppose -2*h - 1315 = -85. What is the remainder when (-14)/49 - h/21 is divided by 12?
5
What is the remainder when (33/22 - (0 + 1))*306 is divided by 31?
29
Suppose 4*k + 36 - 796 = 0. Suppose -4*g - 5*o = -125, -5*g - k = -10*g + 5*o. Calculate the remainder when 104 is divided by g.
34
Let b = -647 - -670. Calculate the remainder when 63 is divided by b.
17
Let l = 18 + -11. Suppose -34*b = -486 - 364. Calculate the remainder when b is divided by l.
4
Let x be ((-3)/9)/((-1)/9). Suppose b = -2*b + x. Let w(j) = 8*j**3 - 2*j**2 + 3*j - 2. What is the remainder when w(b) is divided by 4?
3
Let c(r) be the first derivative of -17*r**2/2 - 12*r + 18. What is the remainder when 108 is divided by c(-2)?
20
Suppose 0 = 4*g + 4 - 48. Calculate the remainder when 767 is divided by g.
8
Suppose 3*h - 59 = 13. Suppose -17*x - h = -13*x. Let n = 19 + x. What is the remainder when 49 is divided by n?
10
Suppose -2*o - 2*s = -126, -s = -5*o - 0*s + 339. Let d(b) = -2*b**2 + 6*b - 8. Let w be d(3). What is the remainder when o is divided by (221/(-52))/(2/w - 0)?
16
Suppose -64*b + 10497 - 3137 = 0. What is the remainder when 449 is divided by b?
104
Let u = -1 + 7. Let w(s) = 48*s. Let f be w(1). Calculate the remainder when u is divided by (-9)/2*(-32)/f.
0
Suppose -3*y - y + 2*c + 80 = 0, 0 = -2*c. Calculate the remainder when 78 is divided by y.
18
Let w = 44 - 31. Suppose 5 = 4*l - 9*l. Calculate the remainder when -3 - 42/l - 2 is divided by w.
11
Let w be 2/(-13) - (-216)/52 - 3. Let l(y) = 14*y**2 + 2*y - 2. Calculate the remainder when 25 is divided by l(w).
11
Calculate the remainder when 177 is divided by 5 + -10 + 1 - (-38)/2.
12
Suppose 23 = 4*w - 13. Suppose 0*n - w = -n. Let v(b) = 3*b**3 + b**2 - 4*b + 4. What is the remainder when v(2) is divided by n?
6
Let o be -4 + (3 - (-7 - -3)). Suppose 0 = -3*q - o*x + 18, 2*x + 7 = -3. Let s(m) = 12*m**2 - m + 2. Calculate the remainder when s(-2) is divided by q.
8
Let v = -118 - -137. Calculate the remainder when 37 is divided by v.
18
Suppose -4*z = -o - o + 134, 0 = 3*o - 5*z - 199. Let y = o - 30. Let u = y - 21. Calculate the remainder when 47 is divided by u.
11
Suppose 9*x - 6*x - 3 = 0. Calculate the remainder when 3/(6/148) + x is divided by 13.
10
Let w(r) = 4*r**2 + 3*r + 2. Let f be (-1 - 5)*1/3. Suppose 3*h - 84 = -5*x, h - x - 24 = -4*x. What is the remainder when h is divided by w(f)?
9
Suppose -5*z = -4*j + 46, 5*j - 44 = 500*z - 496*z. Calculate the remainder when 1*(-2)/(2/(-49)) is divided by j.
1
Let o(h) = -2*h - h**2 - 2*h - 2*h. Let a be o(-7). Let x = a - -10. What is the remainder when 4 is divided by x?
1
What is the remainder when 149 is divided by -5 + 0 - (-13 + (4 - 9))?
6
Suppose 0 = 15*m - 109 - 146. What is the remainder when 168 is divided by m?
15
Let m(c) = 2*c + 30. Calcula